 is the greatest common divisor of 112 and t?
14
Suppose 0*z - 183 = -2*g - z, -g = -3*z - 81. What is the highest common divisor of g and 18?
18
Suppose c - 2*n = -3*c - 6, 0 = -2*c - n + 7. Let q be -3*(-8)/6 - c. What is the highest common divisor of 21 and q?
3
Let b be 2/3 - (-34)/3. Suppose -2*a + b = -10. Suppose -3*c = 3*f - 360, -c = -4*f - 4*c + 481. Calculate the greatest common factor of f and a.
11
Let v be ((-33)/(-12))/(2/8). Let d(f) = f**3 - 9*f**2 - 11*f + 12. Let x be d(10). Suppose 0 = -b + x*b - 88. Calculate the highest common divisor of v and b.
11
Let o(r) = r**3 + r**2. Let h be o(2). What is the greatest common divisor of h and 84?
12
Let d(c) = -13*c - 5. Let f be d(-2). What is the greatest common factor of f and 7?
7
Let l(t) = t**3 - t**2 + 2*t. Let x be l(5). Let p(o) = 4*o**2 + 6*o + 4. Let g be p(-3). Calculate the highest common factor of x and g.
22
Suppose -2*t + 86 + 34 = 0. What is the greatest common factor of 20 and t?
20
Suppose 3*i - 8*p - 87 = -5*p, 2*p = -2*i + 46. What is the highest common divisor of 91 and i?
13
Suppose -14 = -5*w + l, -2*w - l + 8 = l. Suppose w*m - 24 = -y, 0*m + 2*m - 2*y - 16 = 0. Calculate the greatest common divisor of m and 72.
8
Let w(n) be the first derivative of n**4/2 - n**3/3 + 4*n - 8. Let m be w(3). Calculate the highest common divisor of 7 and m.
7
Suppose -5*t = d - 125, -d + 4*d + 93 = 3*t. What is the greatest common divisor of t and 13?
13
Suppose -g = -3*m + 44, -g = 2*m - 12 - 19. Calculate the greatest common divisor of 6 and m.
3
Suppose 0 = 4*y - 16, -k + 2*y = -y + 7. Let r(q) = -3 + 4*q**3 - q + 4*q**2 - q - k*q**3 + 4*q. Let t be r(3). Calculate the highest common divisor of 4 and t.
4
Suppose -4*c + 5*g + 656 + 128 = 0, 4*g = -3*c + 588. What is the greatest common factor of 28 and c?
28
Suppose 0 = -0*p - 3*p + 273. What is the highest common divisor of p and 13?
13
Let c(z) = z**2 + z + 19. Let h be c(0). Let l be ((-418)/4)/(7/(-14)). What is the highest common factor of l and h?
19
Suppose 3*v = -1 + 19. Let u = -4 + v. Suppose 4 = 2*j + u*d + 2*d, -j = -3*d - 7. Calculate the highest common divisor of j and 4.
4
Suppose -12*j = -6*j - 84. What is the greatest common factor of 56 and j?
14
Let k be (-6)/9 - (-1300)/6. Let q(s) = -s**3 - 6*s**2 - 6*s - 12. Let p be q(-6). Calculate the greatest common factor of k and p.
24
Suppose -3*z = -q + 3, -6*q + 3*q + 29 = -4*z. Calculate the highest common divisor of q and 165.
15
Let r = 40 - 38. Suppose 3*f + 4*a - 34 = -a, 4*f - 60 = -3*a. What is the highest common factor of f and r?
2
Let o be (3 + -2)*-3 + 3. Let i be o*2/4 + 14. Let u be 4/i - (-2456)/28. Calculate the highest common factor of 8 and u.
8
Suppose 0 = -a + 2*q + 9, 0 = a + 2*a + 3*q. Suppose x - 10 = -w + 3, -a*x = -3*w - 33. Calculate the highest common factor of x and 132.
12
Let z be 1/(-3) + (-63)/(-27). Calculate the highest common factor of z and 10.
2
Suppose -d + 8 = 4*i - 0*d, -4*i + 8 = -5*d. Let q be (0 - 0) + 5 + 0. What is the highest common divisor of i and q?
1
Suppose 5*a = -4*v - 10, 4 + 21 = -5*v. Suppose a = -u + 2*u. Suppose y + 56 = u*y. What is the greatest common factor of y and 8?
8
Suppose 0 = -4*a + 14 + 6, 0 = 5*k - 3*a - 95. What is the highest common divisor of 2 and k?
2
Suppose -w = 5*o - 93, 17 = 2*o - 2*w - 13. Suppose 2*k - o = -2. Let h(a) = 16*a**2. Let d be h(2). Calculate the highest common factor of k and d.
8
Let y be ((-21)/(-2))/((-15)/(-40)). Calculate the greatest common factor of y and 7.
7
Suppose 5*u = 3*n + 1782, -719 = -3*u - n + 339. Let r be u/10 - 4/10. Suppose 0 = -11*c + 15*c - 20. What is the greatest common divisor of r and c?
5
Suppose -7*i = -11*i. Suppose -27 = -3*t + 5*x, 4*t - 3*x - 6 - 19 = i. Calculate the greatest common factor of t and 4.
4
Let u = -1 - -4. Calculate the greatest common factor of u and 3.
3
Let d be -2 - (-2 + 3 + -13). Suppose -b + d = b. Let z be 4/(-6) + (-154)/(-6). Calculate the greatest common factor of b and z.
5
Let q = 14 - 30. Let k = -7 - q. Let i(x) = x**2 - 10*x + 9. Let n be i(10). Calculate the highest common factor of k and n.
9
Suppose 0 = i - 0*i + 3*c - 12, -2*i - 5*c = -26. What is the highest common factor of i and 6?
6
Let u = 58 - 32. Suppose -v + 62 = p, 4*p - 9*p = 3*v - 316. What is the greatest common factor of p and u?
13
Let c = 12 + -1. Suppose 0 = 2*i - i + 19. Let b = i + 74. What is the greatest common factor of b and c?
11
Let f(r) = r + 5. Let m be f(-5). Suppose -t + 13 = -m*t. What is the highest common divisor of 143 and t?
13
Let y = 85 + -56. Let a = 64 - y. Let m(o) = 2*o**2 - 5*o + 4. Let u be m(3). Calculate the greatest common divisor of a and u.
7
Suppose 5*h + 5 = 80. Let q be -4 + 8 + 1*-1. What is the highest common factor of h and q?
3
Let p be 31 + 15/9*-3. What is the highest common divisor of p and 39?
13
Suppose -19 = -l + 1. What is the greatest common factor of 140 and l?
20
Suppose 4*w - 14 = -3*m, m + w - 4 - 1 = 0. Calculate the highest common factor of 6 and m.
6
Suppose 0*i = 5*i. Suppose 4*b - 124 - 116 = i. Let v = 16 - 4. Calculate the highest common factor of b and v.
12
Let c be (-37)/(-2)*(-1 + -1). Let y = 65 + c. What is the highest common divisor of y and 7?
7
Suppose -4*n - 4*c + 388 = 0, 2*n - 14 - 184 = 2*c. What is the highest common factor of n and 14?
14
Let x(b) = -11*b - 4. Let i be x(-4). Calculate the highest common divisor of 440 and i.
40
Let d(u) = 2*u - 1. Let f be d(6). Calculate the greatest common factor of f and 11.
11
Suppose 0 = y - 5 - 38. Calculate the highest common factor of y and 215.
43
Suppose 8*l - j - 184 = 3*l, 0 = 5*l + 3*j - 168. Calculate the highest common factor of l and 12.
12
Suppose 2*k = -2*a + 54, 3*k + 10 = 3*a - 59. Calculate the greatest common factor of 5 and a.
5
Let g(b) = -b**3 + 5*b**2 + 6*b + 3. Let j be g(6). Suppose -5*k + j = -2. Suppose 2*u + 0*u = 2. What is the highest common factor of k and u?
1
Suppose -5*g + 7*p = 2*p - 25, -3*p = 4*g - 6. Calculate the greatest common factor of g and 9.
3
Suppose -s = 2*s - 18. Suppose -129 - 87 = -4*t. What is the highest common divisor of s and t?
6
Let v = -26 + 39. Calculate the greatest common divisor of 65 and v.
13
Suppose 11*f - 7*f = 32. Let h = 0 - -4. Calculate the greatest common factor of f and h.
4
Let c be (-1)/4 - (-1323)/12. Let q = 42 + -32. Calculate the greatest common factor of c and q.
10
Suppose k + k - 4 = 0. Suppose 4*b - 13 = 3*l, -7 - 3 = -k*b - 2*l. Let j(w) = 4*w**2 + w + 1. Let n be j(-1). What is the greatest common divisor of n and b?
4
Let r = -486 + 850. What is the greatest common factor of 52 and r?
52
Let o be (-1 - -2 - -1) + 20. Suppose -5*g - h + o = -3*h, 0 = 2*g - 3*h. Let j = -70 + 94. What is the greatest common factor of g and j?
6
Suppose 43 = 3*u + 5*p, 3*p + 10 = 5*u - 5. Let n = 19 + -17. Let l = n + u. Calculate the greatest common factor of l and 88.
8
Let a(d) = 4*d - 2. Let l be a(2). Let c = -8 + l. Let u be (1 - c) + 2 + -3. Calculate the highest common factor of u and 16.
2
Suppose 0 = 2*a - 1 + 9. Let s be 0 - (-4)/(a/(-11)). Calculate the greatest common factor of 44 and s.
11
Let u = -127 + 158. Calculate the highest common factor of 31 and u.
31
Let w(j) = -j**3 + 5*j**2 + 6*j + 8. Let h be w(6). What is the highest common divisor of 40 and h?
8
Let k = 54 + -31. Calculate the highest common factor of 138 and k.
23
Suppose 7 = -2*l - 0*t - 3*t, 0 = 2*t + 6. Let z = 24 + l. What is the highest common divisor of z and 5?
5
Let z be (3 + -1)*8/((-96)/(-54)). Let c(s) = -24*s. Let u be c(-3). Calculate the highest common factor of u and z.
9
Let h(d) = d**3 + 5*d**2 + 2*d - 3. Let a be h(-3). Let m be a*(-2)/4*-2. What is the highest common divisor of 45 and m?
9
Suppose -18 + 6 = 3*g. Let p be (-16)/(0 - (-4)/(-10)). Let s be p - 2 - g/2. What is the highest common divisor of s and 16?
8
Suppose 0 = -3*z - p + 6*p + 223, 5*z - 3*p = 345. What is the highest common factor of 6 and z?
6
Suppose 2*q = -3*q + 220. Suppose q = k + 3*k. What is the highest common factor of 33 and k?
11
Let y = 3 + 5. Suppose 150 = -2*i + 7*i - 5*z, 5*z + 118 = 4*i. Calculate the greatest common factor of i and y.
8
Let y = -54 - -55. Let c = 2 - 0. What is the